c. What is the remainder when 34 is divided by y?
4
Suppose 4 = -2*o + 8. Suppose o*q = -4*q + 558. Calculate the remainder when q is divided by (-1)/((-3)/(-6)) - -26.
21
Let s(i) = -i - 35 + 2*i**2 - 4*i + i**3 - 28 + 4*i**2 + 18*i**2. What is the remainder when s(-24) is divided by 51?
6
Suppose -3*o + 5*a = -250, 0 = -4*o + 4*a - 86 + 422. Let v = o + 40. Calculate the remainder when v is divided by 63.
62
Let n = 232 + 93. Suppose 5*p + 8*p = n. Suppose -p = -w - 2*i, 3*i = -4*w - 0*w + 125. What is the remainder when w is divided by 12?
11
Let n = -28 - -446. Calculate the remainder when n is divided by 42.
40
Suppose 2*t + 440 = -46*q + 50*q, 2*q = -3*t + 196. What is the remainder when 268 is divided by q?
54
Let g = 58 + -35. Let s = g - 21. Let z(p) = 12*p. What is the remainder when z(s) is divided by 14?
10
Let z = -2206 - -2215. Calculate the remainder when 2392 is divided by z.
7
Suppose -x = -3*s + 10109, -77*s - x - 3373 = -78*s. Calculate the remainder when s is divided by 1681.
6
Suppose -14 + 74 = 3*c. Suppose k - t - 56 = -4*k, 0 = 5*k + 3*t - 72. Calculate the remainder when c is divided by k.
8
Suppose -12*y = -17 - 31. Suppose 1328 = v + 4*v + n, -4*n = -y*v + 1072. What is the remainder when v is divided by 16?
10
Suppose 3595*b = 3594*b + 28. Let i = 87 + -47. Suppose -i = 2*w - 6*w. Calculate the remainder when b is divided by w.
8
Suppose 9 = 3*y, 0 = r - 4*y - y - 15. Calculate the remainder when 127 is divided by 460/(-25)*r/(-12).
35
Suppose -6*v + 5*v = -23. Suppose -220 + 232 = 3*s. Calculate the remainder when 36/(-72) - (-274)/s is divided by v.
22
Suppose -5*a + 8 = 2*d - 7, 3*d = -2*a - 5. Let f be (-2)/a - (-712)/(-20). Calculate the remainder when 56 is divided by -3 + (-3)/(-2)*(-312)/f.
6
What is the remainder when 1112 is divided by (8/(-2))/(6/(-27))?
14
Let c(i) = 68*i**2 - 58*i + 57. What is the remainder when c(1) is divided by 26?
15
Let r(j) = -3780 + 3794 + 2*j**2 + 9*j**2 + 5*j - 2*j**3. Calculate the remainder when 31 is divided by r(6).
7
Let o(c) = -c - c - 178 + 74 + c**2 + 69 - c. Calculate the remainder when o(-10) is divided by 25.
20
Let q(n) = -17*n - 33. Let w be (35/(-15))/(2/6). Suppose 4*v + 7*a = 2*a + 196, -2*a = 3*v - 140. What is the remainder when q(w) is divided by v?
42
Suppose -3*b - 5*u = -28 - 23, -2*b = -2*u - 18. Suppose -q + b = -41. Suppose -3*g + 19 = -q. What is the remainder when g is divided by 13?
11
Suppose -4*q + 200 + 52 = 0. Let d = -282 - -285. Let x(o) = o**3 - o**2 - 4*o + 16. Calculate the remainder when q is divided by x(d).
19
Suppose 4*p + 49 = -4*f + 525, 0 = -5*p - 4*f + 587. Calculate the remainder when p is divided by 63.
48
Let d(o) = -o**2 - 4*o + 6. Let n be d(4). Let v = n + 42. Let j = -99 + 128. What is the remainder when j is divided by v?
13
Suppose -148 = -4*d + 33 + 11. What is the remainder when d is divided by 36?
12
Let f(h) = -78*h + 2350. Calculate the remainder when f(22) is divided by 158.
2
Calculate the remainder when 555 is divided by (-16250)/(-117) + (-10)/(-90).
138
Let s = -110 - -113. Suppose -2*x + 316 = -4*o, 3*o + 426 + 63 = s*x. Calculate the remainder when x is divided by 34.
32
Suppose -6*l + 58 = -8*l. Let t = l - -48. Let z(a) = a**3 - 2*a + 54. What is the remainder when z(0) is divided by t?
16
Suppose -59 = -4*c - 47. Suppose -b = 4*r + 4, -c*b + 5*r + 34 = -22. What is the remainder when 13 is divided by b?
1
Let z = -94 - -12. Let o = -16 - z. Suppose 2*t - 4*s - o = 126, -t - s + 90 = 0. Calculate the remainder when t is divided by 48.
44
Let i = 236 - 576. Calculate the remainder when 56/10*i/(-34) is divided by 7.
0
Calculate the remainder when (567/42)/(-27)*-1510 is divided by 43.
24
Let s = -54 - -82. Suppose -30*l = -s*l - 4. What is the remainder when (-14 - -4)*(-13)/l is divided by 22?
21
Suppose j - 3*j = 0. Suppose j*x - x + 41 = 0. Let t(l) = 10*l**2 + l - 6. What is the remainder when t(-3) is divided by x?
40
Let n(m) = -4*m**3 - 213*m**2 - 54*m - 22. What is the remainder when 47 + (-2 - (-1 + 0)) is divided by n(-53)?
15
Let z = -5994 + 7097. Let k(t) = 2*t**3 - 2*t**2 + 4*t - 2. What is the remainder when z is divided by k(2)?
11
Suppose -4*s + 7*s + 3341 = 5*h, -2*s + 2664 = 4*h. Suppose 4*w = -4*d + 769 + h, -1080 = -3*d - 2*w. What is the remainder when d is divided by 52?
50
Let b be 3795/50 + 4/40. Let q = -43 + b. What is the remainder when q is divided by 4?
1
Let s(v) = v**3 - 3*v**2 - 3. Let z = 267620 + -267517. What is the remainder when z is divided by s(5)?
9
Let r be 4/18 - 261/81. Let x be (-2)/6 - 7/r. Calculate the remainder when 63/x + 4/(-8) is divided by 17.
14
Let a(v) = -v**2 - 30*v - 204. Calculate the remainder when 1474 is divided by a(-14).
14
Let l(d) = d**3 - 9*d**2 + 20*d - 8. Let t be l(6). Suppose 2*q - j = t*q - 25, -4*j = -4*q + 56. What is the remainder when 68 is divided by q?
3
Suppose -3*g = 4*k - 601, -g + 213 = 2*k - 7*k. What is the remainder when 2432 is divided by g?
199
Suppose 15 + 21 = 3*j. Let g = 1208 + -1162. What is the remainder when g is divided by j?
10
Suppose -168*t = -4*i - 169*t + 895, -2*t + 1118 = 5*i. Calculate the remainder when 1120 is divided by i.
0
Let m(t) = t**2 - 70*t - 27. What is the remainder when m(-12) is divided by 343?
271
Let q be 16/(-20) - (-869)/55. Suppose -q = -3*g - 6*j + j, -5*j - 35 = -2*g. What is the remainder when 23 is divided by g?
3
What is the remainder when 181 is divided by 61/(68/(-136) + (-6)/(-4))?
59
Let p be (-3 + 1)/(-16 - -12)*(-5 - -159). Let g be 2*(-1)/(-2)*7. Suppose d = -5*m + p, 4*m - 68 = -d - g. What is the remainder when m is divided by 10?
6
Suppose 12 = 3*s - 3*f - 30, -4*s - f + 26 = 0. What is the remainder when 5759 is divided by s?
7
Suppose 2*g = i + g - 15, i = -3*g + 27. Let s be ((-81)/i)/((-3)/48). Suppose 0 = -0*t + 6*t - s. Calculate the remainder when 56 is divided by t.
8
Suppose 0 = i - 11 - 4. Suppose -i*h + 558 = 3*h. Calculate the remainder when 89 is divided by h.
27
Suppose -14*f + 2225 = -4509. Let k = f - 454. What is the remainder when 58 is divided by k?
4
Suppose -3*p = 5*y - 1255, 0 = 5*y - 0*y + 4*p - 1255. What is the remainder when 631 is divided by y?
129
Let i = -17 - -28. Suppose -5*o = -2*d - 350, 0 = 5*o - 5*d - 168 - 182. Calculate the remainder when o is divided by i.
4
Suppose 40 = b + 3*w, -b + 499 = -4*w + 494. What is the remainder when 193 is divided by b?
18
Let l(h) be the third derivative of -11*h**6/120 + h**5/60 + h**4/12 + h**3/6 - 310*h**2. Calculate the remainder when (-2)/4 + 186/4 is divided by l(-1).
2
Suppose v - 3*j = 23, -184*j - 67 = -2*v - 181*j. What is the remainder when 2964 is divided by v?
16
Let r be 234/63 + (-2)/(-7). Suppose -r*y - 270 = 3*g, -4*g + 138 = -2*y - 7*g. Let u = y + 73. What is the remainder when 11 is divided by u?
4
Let l(s) be the third derivative of s**6/60 - 5*s**4/8 + 4*s**3/3 - 39*s**2 + s. Calculate the remainder when 77 is divided by l(3).
9
Suppose 5*n + 1435 = 2*w, 3*w - 3*n + 54 = 2175. Calculate the remainder when w is divided by 197.
109
Suppose -4*s - 2*t + 276 = 0, -s + 9*t = 4*t - 102. What is the remainder when 1363 is divided by s?
67
Let r = 3250 + -3208. Calculate the remainder when 1436 is divided by r.
8
Let k(i) = i**3 + 29*i**2 - 216*i - 156. What is the remainder when 2588 is divided by k(-35)?
50
Let f = 542 + -554. What is the remainder when 346 is divided by 50/(-8)*(90 + 6)/f?
46
Let o = 62565 - 62508. Calculate the remainder when o is divided by 2/6 - 15/(-9).
1
Suppose -r + 4*l = -l - 45, 5*l = -5*r + 315. Let k(o) = o**2 - 11*o. Let p be k(11). Suppose 4*g + p*g = r. What is the remainder when 41 is divided by g?
11
Suppose 2*j - 3*z = -j, 2*j = -4*z + 18. Suppose 4*c = j*c + 5*k + 106, 5*c = 5*k + 550. Let i(b) = 2*b - 1. Calculate the remainder when c is divided by i(10).
16
Suppose z - 1 = 0, z + 50 = 3*r - 0*z. Let s(l) = 12*l + 2*l**3 + 21*l + 7*l**3 - 65 + 38*l**2 - 8*l**3. Calculate the remainder when s(-37) is divided by r.
15
Suppose x + 22 = 4*m, x + 15 = -m + 4*m. Calculate the remainder when 1749 is divided by m.
6
Let j(g) = 331*g**2 + 5*g - 6. Let u be j(1). Let x = 366 - u. Calculate the remainder when 132 is divided by x.
24
Suppose 328*y - 319*y - 81 = 0. 